{"id":64,"date":"2014-03-05T15:16:34","date_gmt":"2014-03-05T15:16:34","guid":{"rendered":"http:\/\/onscandeias.wordpress.com\/?page_id=64"},"modified":"2022-02-11T17:21:59","modified_gmt":"2022-02-11T17:21:59","slug":"loja","status":"publish","type":"page","link":"https:\/\/larcare.pt\/onsc\/loja\/","title":{"rendered":"Parcerias"},"content":{"rendered":"<p><a href=\"https:\/\/larcare.pt\/onsc\/wp-content\/uploads\/2014\/03\/cropped-logo-onsc1.png\"><img loading=\"lazy\" class=\"alignnone wp-image-151\" src=\"https:\/\/larcare.pt\/onsc\/wp-content\/uploads\/2014\/03\/cropped-logo-onsc1.png\" alt=\"cropped-logo-onsc1.png\" width=\"77\" height=\"148\" \/><\/a><\/p>\n<p><strong>C\u00e2mara Municipal do Porto<\/strong><\/p>\n<p><strong>C\u00e2mara Municipal de Pinhel<\/strong><\/p>\n<p><strong>C\u00e2mara Municipal de Olh\u00e3o\u00a0<\/strong><\/p>\n<p><strong>VOU \u2013 Associa\u00e7\u00e3o de Voluntariado Universit\u00e1rio<\/strong><\/p>\n<p><strong>Mundo a Sorrir &#8211; CASO<\/strong><\/p>\n<p><strong>Universidade Cat\u00f3lica Portuguesa Caso &#8211; Cat\u00f3lica Solid\u00e1ria<\/strong><\/p>\n<p><strong>Ordem dos Psic\u00f3logos<\/strong><\/p>\n<p><strong>Instituto de Neurodesenvolvimento<\/strong><\/p>\n<p><strong>Instituto Cl\u00ednico<\/strong><\/p>\n<p><strong>Estabelecimentos de Ensino Diversos<\/strong><\/p>\n<p><strong>Banco Alimentar<\/strong><\/p>\n<p><strong>Modelo Continente Hipermercados SA<\/strong><\/p>\n<p><strong>Pingo Doce<\/strong><\/p>\n<p><strong>Arcol<\/strong><\/p>\n<p><strong>Lactogal<\/strong><\/p>\n<p><strong>\u00d3tica Multivista, Lda<\/strong><\/p>\n<p><strong>Farm\u00e1cia Portuense<\/strong><\/p>\n<p><strong>Farm\u00e1cia Santos<\/strong><\/p>\n<p><strong>Farm\u00e1cia Santiago<\/strong><\/p>\n","protected":false},"excerpt":{"rendered":"<p>C\u00e2mara Municipal do Porto C\u00e2mara Municipal de Pinhel C\u00e2mara Municipal de Olh\u00e3o\u00a0 VOU \u2013 Associa\u00e7\u00e3o de Voluntariado Universit\u00e1rio Mundo a Sorrir &#8211; CASO Universidade Cat\u00f3lica Portuguesa Caso &#8211; Cat\u00f3lica Solid\u00e1ria Ordem dos Psic\u00f3logos Instituto de Neurodesenvolvimento Instituto Cl\u00ednico Estabelecimentos de Ensino Diversos Banco Alimentar Modelo Continente Hipermercados SA Pingo Doce Arcol Lactogal \u00d3tica Multivista, Lda&hellip;<\/p>\n<p><a class=\"more-link\" href=\"https:\/\/larcare.pt\/onsc\/loja\/\" title=\"Continue reading &lsquo;Parcerias&rsquo;\">Continue reading <span class=\"meta-nav\">&rarr;<\/span><\/a><\/p>\n","protected":false},"author":1,"featured_media":0,"parent":0,"menu_order":4,"comment_status":"open","ping_status":"open","template":"page-templates\/full-width.php","meta":[],"_links":{"self":[{"href":"https:\/\/larcare.pt\/onsc\/wp-json\/wp\/v2\/pages\/64"}],"collection":[{"href":"https:\/\/larcare.pt\/onsc\/wp-json\/wp\/v2\/pages"}],"about":[{"href":"https:\/\/larcare.pt\/onsc\/wp-json\/wp\/v2\/types\/page"}],"author":[{"embeddable":true,"href":"https:\/\/larcare.pt\/onsc\/wp-json\/wp\/v2\/users\/1"}],"replies":[{"embeddable":true,"href":"https:\/\/larcare.pt\/onsc\/wp-json\/wp\/v2\/comments?post=64"}],"version-history":[{"count":4,"href":"https:\/\/larcare.pt\/onsc\/wp-json\/wp\/v2\/pages\/64\/revisions"}],"predecessor-version":[{"id":568,"href":"https:\/\/larcare.pt\/onsc\/wp-json\/wp\/v2\/pages\/64\/revisions\/568"}],"wp:attachment":[{"href":"https:\/\/larcare.pt\/onsc\/wp-json\/wp\/v2\/media?parent=64"}],"curies":[{"name":"wp","href":"https:\/\/api.w.org\/{rel}","templated":true}]}}